651055
In base 10, what is 76 + -1933460?
-1933384
In base 9, what is -15 - 1513087?
-1513113
In base 10, what is 64190 + 706?
64896
In base 4, what is 102012021213 + 112?
102012021331
In base 5, what is 10 + 21213422144?
21213422204
In base 6, what is 20142252134 + 3?
20142252141
In base 4, what is -201 - 122122312231?
-122122313032
In base 13, what is -2 + -1c2a687?
-1c2a689
In base 12, what is 97a0 - 2566?
7236
In base 14, what is a989 + -9b4?
9db5
In base 2, what is 101001001100 + -11001000010011?
-10011111000111
In base 16, what is -6e0b0 + 8?
-6e0a8
In base 13, what is 4b - 174017?
-173c99
In base 6, what is -102440 + -30104?
-132544
In base 14, what is 6b + 24db8?
25045
In base 12, what is b451864 + -4?
b451860
In base 11, what is -69 + 3a89?
3a20
In base 12, what is -5 + 5559b8?
5559b3
In base 2, what is -11010101100101001001101 - -1011?
-11010101100101001000010
In base 12, what is 149 + 15714?
15861
In base 12, what is -4 - -3309823?
330981b
In base 7, what is -2203454425 - 5?
-2203454433
In base 12, what is -5 + -1701525?
-170152a
In base 8, what is -33146 + 225?
-32721
In base 12, what is -13 - -14b699?
14b686
In base 3, what is -11211020002 - 101000?
-11211121002
In base 7, what is -126411332 - 4?
-126411336
In base 5, what is 211 + -40043323?
-40043112
In base 15, what is -97ec9e + -1?
-97eca0
In base 2, what is 1000011 + 10011110100111111000000?
10011110101000000000011
In base 16, what is 5 + -17b529?
-17b524
In base 11, what is 1871322 + 0?
1871322
In base 12, what is 21883568 + -5?
21883563
In base 10, what is -76763022 + 3?
-76763019
In base 9, what is -256375585 - 5?
-256375601
In base 5, what is -3 + -114101143412?
-114101143420
In base 13, what is 16795 - -23?
167b8
In base 7, what is -46420 - -60051?
10331
In base 11, what is 5 - -2432036?
2432040
In base 2, what is -111011110111110111 - -1111?
-111011110111101000
In base 8, what is -6426323 - 7?
-6426332
In base 7, what is 1240252 - 2?
1240250
In base 5, what is -142300333 - -21?
-142300312
In base 4, what is 1303011 + 3201312?
11110323
In base 16, what is -2a55c6b - 7?
-2a55c72
In base 8, what is -3 + -14441342?
-14441345
In base 3, what is -112100 - -202002102?
201120002
In base 4, what is 2133 - -10111112010?
10111120203
In base 16, what is 5ee - -2e31?
341f
In base 15, what is 125 + -2b6a34?
-2b690e
In base 10, what is -77764 - -157?
-77607
In base 12, what is -1 - -51631716?
51631715
In base 14, what is -3a6c0 - 761?
-3b041
In base 6, what is 151305513 - 54?
151305415
In base 7, what is -406 - -2133024?
2132315
In base 8, what is 122174704 + 7?
122174713
In base 7, what is -33 - 224425?
-224461
In base 5, what is 42 - 1230130003?
-1230124411
In base 9, what is 1 - -2534207?
2534208
In base 2, what is 10000101100 - -10100101110011?
10110110011111
In base 10, what is -964 + -9807?
-10771
In base 16, what is 50 - -21eb6?
21f06
In base 14, what is 7963c28 - 1?
7963c27
In base 5, what is -1124 + -1431420044?
-1431421223
In base 13, what is -2c - -269ac?
26980
In base 3, what is 12002221102 - 20220?
12002200112
In base 5, what is -4442014224430 + -4?
-4442014224434
In base 3, what is 20002001212210 - 10211?
20002001201222
In base 15, what is -1bc05d + -1b?
-1bc079
In base 6, what is 2140 + 334240?
340420
In base 3, what is -101 - 21011000110?
-21011000211
In base 16, what is -106d8b8 + 5?
-106d8b3
In base 10, what is 216777 - 917?
215860
In base 13, what is 19a9123 + 5?
19a9128
In base 7, what is 3261643 - 102?
3261541
In base 12, what is 310b6 + 230?
31326
In base 3, what is 10 + 1201101200222100?
1201101200222110
In base 14, what is 112b - 1091?
7a
In base 3, what is 10121111211 + 200?
10121112111
In base 5, what is -10 - 243024122312?
-243024122322
In base 16, what is -1e104 + -11b?
-1e21f
In base 3, what is -110120201112012 - 2?
-110120201112021
In base 11, what is 382a + -69665?
-65936
In base 15, what is 5 - 4e2e0b5?
-4e2e0b0
In base 13, what is 65ba9 + 3?
65bac
In base 9, what is -35616 - -251?
-35355
In base 2, what is 0 + 10000101110011101111?
10000101110011101111
In base 9, what is 305336527 + -5?
305336522
In base 2, what is -1100001000110110010 + 101?
-1100001000110101101
In base 9, what is -11506418 + -1?
-11506420
In base 9, what is 3 + 64776177?
64776181
In base 15, what is -46 + 91e86?
91e40
In base 13, what is -29 - 37aac?
-37b08
In base 14, what is 13b - 3a779c?
-3a7661
In base 11, what is -910 + 2a503?
296a3
In base 8, what is -14217 - 15133?
-31352
In base 5, what is 0 - 41041434111?
-41041434111
In base 6, what is 23205 - 35?
23130
In base 7, what is -104150133 - 46?
-104150212
In base 15, what is -248c615 - 7?
-248c61c
In base 16, what is 501c - -170?
518c
In base 15, what is 9b1b6 + -58?
9b15d
In base 13, what is 163313c + 3?
1633142
In base 16, what is -5 + -1b06903?
-1b06908
In base 16, what is -5a0f9c + -1?
-5a0f9d
In base 6, what is -20111521 + 31?
-20111450
In base 6, what is 10433525455 - -2?
10433525501
In base 8, what is 350345 + -277?
350046
In base 12, what is -378876 + 0?
-378876
In base 10, what is 1302736 - -315?
1303051
In base 11, what is 825349 - 16a?
82518a
In base 4, what is 300 - -311220101?
311221001
In base 5, what is 102011 - -202144?
304210
In base 4, what is 1003123132122 - -10?
1003123132132
In base 5, what is -1113 + -10434103?
-10440221
In base 7, what is 262066 + -51?
262015
In base 3, what is -1000 + 1002110212200011?
1002110212122011
In base 13, what is -18737 - 116?
-18850
In base 4, what is -1032132231203 - 10?
-1032132231213
In base 3, what is -12 - -11110010121210?
11110010121121
In base 4, what is -12133211 - -120130?
-12013021
In base 7, what is -2 - -10410000?
10406665
In base 7, what is 30351260 + -2?
30351255
In base 6, what is 1034101 + 2245?
1040350
In base 15, what is 3 - -5e19035?
5e19038
In base 14, what is -8a665 - -89?
-8a5ba
In base 4, what is -101002321110 + -1?
-101002321111
In base 13, what is 54318 - 128a?
5305b
In base 15, what is 719 - 9d?
66b
In base 8, what is 423 - 332047?
-331424
In base 16, what is -d72d7 - -15b?
-d717c
In base 6, what is 25531 - 125224?
-55253
In base 12, what is -1 + 1699b24?
1699b23
In base 2, what is 10001111011011 + 101111110?
10010101011001
In base 8, what is -3150 + 1304?
-1644
In base 15, what is -6cc6 - -178?
-6b4d
In base 15, what is 31572 - 40?
31532
In base 8, what is -1 - -10551024?
10551023
In base 2, what is -1000101 + 1000000100000101011?
1000000011111100110
In base 12, what is -1b5509 + 193?
-1b5336
In base 8, what is 2 - 7510501?
-7510477
In base 11, what is 1 - 5956573?
-5956572
In base 6, what is 3 + 45414042?
45414045
In base 11, what is 81090197 - 3?
81090194
In base 13, what is -aa6 - -13165b?
130885
In base 11, what is -5 - -20232a0?
2023296
In base 15, what is -1375 - -11375?
10000
In base 3, what is -102220100 + 2120222?
-100022101
In base 2, what is 1111011001 - 1101011111011010010?
-1101011101011111001
In base 11, what is 56048a - -497?
560976
In base 16, what is 3 + -5c22b63?
-5c22b60
In base 10, what is -2 - -68820475?
68820473
In base 14, what is -353b538 + -d?
-353b547
In base 3, what is -200001102012 - -112?
-200001101200
In base 6, what is -115021 - -10044?
-104533
In base 13, what is 4 + -15025031?
-1502502a
In base 9, what is 2610 - 61858?
-58248
In base 10, what is 2 + -6506078?
-6506076
In base 6, what is 224012152 - -1?
224012153
In base 3, what is -222020112 + 1100110?
-220220002
In base 2, what is 110011100011 + -1001111001111?
-11011101100
In base 11, what is -a5 + -1482a?
-14924
In base 4, what is -1100233221220 + -32?
-1100233221312
In base 11, what is -11 + -318940?
-318951
In base 10, what is 3292937 + -353?
3292584
In base 3, what is 201 - 101220010211?
-101220010010
In base 11, what is 2369 - -119a0?
14259
In base 8, what is 257 - -230210?
230467
In base 11, what is 5 - -9a3485a?
9a34864
In base 11, what is 1188a55 + -2?
1188a53
In base 5, what is -31241131402 + 4?
-31241131343
In base 9, what is -3411402 - 10?
-3411412
In base 3, what is 2200 + -212012000011?
-212011220111
In base 15, what is -4 + 21ea336?
21ea332
In base 14, what is -512 - -aac1?
a5ad
In base 6, what is -41 - -32505025?
32504544
In base 11, what is -47100898 + 1?
-47100897
In base 14, what is -40c7 + b97?
-3330
In base 8, what is 2 + -30177?
-30175
In base